{"id":147,"date":"2014-06-06T17:18:22","date_gmt":"2014-06-06T15:18:22","guid":{"rendered":"http:\/\/www.scheitzaplus.com\/efp\/?page_id=147"},"modified":"2024-03-06T14:36:33","modified_gmt":"2024-03-06T13:36:33","slug":"migrations","status":"publish","type":"page","link":"https:\/\/scheitza-kunden.de\/efp-dev\/expertisen\/migrations\/","title":{"rendered":"Migrations"},"content":{"rendered":"<div class=\"wpb-content-wrapper\">[vc_row padding_top=&#8221;0px&#8221; padding_bottom=&#8221;0px&#8221;][vc_column fade_animation_offset=&#8221;45px&#8221; offset=&#8221;vc_hidden-xs&#8221;][vc_custom_heading text=&#8221;Migrations-Management&#8221; font_container=&#8221;tag:h2|font_size:24|text_align:left|color:%23ff8a00&#8243; google_fonts=&#8221;font_family:Open%20Sans%3A300%2C300italic%2Cregular%2Citalic%2C600%2C600italic%2C700%2C700italic%2C800%2C800italic|font_style:400%20regular%3A400%3Anormal&#8221;][vc_custom_heading text=&#8221;Migrations-Management erfordert neben \u00dcber- auch Weitsicht&#8221; font_container=&#8221;tag:h1|font_size:32|text_align:left|color:%23195d7d|line_height:40px&#8221; google_fonts=&#8221;font_family:Open%20Sans%3A300%2C300italic%2Cregular%2Citalic%2C600%2C600italic%2C700%2C700italic%2C800%2C800italic|font_style:400%20regular%3A400%3Anormal&#8221;][vc_empty_space][vc_column_text]Bei grundlegenden Ver\u00e4nderungen in IT-System- und Prozesslandschaften, sei es im Zuge von Systemmodernisierungen im Rahmen der <a href=\"https:\/\/scheitza-kunden.de\/efp-dev\/expertisen\/it-strategie-it-management\/\">IT-Strategie<\/a> oder gar bei Unternehmensfusionen und -\u00fcbernahmen, gilt es immer, komplexe Integrations- und Migrationsthemen zu l\u00f6sen. Denn die Kunst hierbei besteht darin, die Zielsystemlandschaft und \u2013organisation sauber zu definieren und aufzubauen, gleichzeitig aber auch einen st\u00f6rungsfreien Betrieb der noch laufenden Systemprozesse parallel sicherzustellen.<\/p>\n<p>Gerade bei unseren Kunden aus der Finanzbranche begleiten wir diese komplexen und hochgradig sensiblen Prozesse seit vielen Jahren und in den unterschiedlichsten Projekten. Schl\u00fcssel f\u00fcr den Migrationserfolg war immer ein strukturiertes Vorgehen mit umfassender Analyse und Planung aller notwendigen Projektaktivit\u00e4ten im jeweils erforderlichen Detailgrad \u2013 als Voraussetzung f\u00fcr eine zielgerichtete und effiziente Umsetzung.<\/p>\n<p>Als langj\u00e4hrig erfahrene Migrationsexperten haben wir verstanden, dass Systemver\u00e4nderungen immer auch Konsequenzen f\u00fcr die Ablauf- und Organisationsstrukturen haben. Daher betrachten wir auch Ihre Aufgabenstellung entsprechend ganzheitlich &#8211; von der Analyse selbst komplexester Daten und Strukturen zu Beginn, bei der Definition der Ziele und methodischen Vorgehensweisen bis hin zur effizienten Umsetzung und Anpassung der relevanten Organisationsstrukturen.[\/vc_column_text][\/vc_column][\/vc_row][vc_row padding_top=&#8221;0px&#8221; padding_bottom=&#8221;0px&#8221;][vc_column fade_animation_offset=&#8221;45px&#8221; offset=&#8221;vc_hidden-lg vc_hidden-md vc_hidden-sm&#8221;][vc_custom_heading text=&#8221;Migrations-Management&#8221; font_container=&#8221;tag:h2|font_size:24|text_align:left|color:%23ff8a00&#8243; google_fonts=&#8221;font_family:Open%20Sans%3A300%2C300italic%2Cregular%2Citalic%2C600%2C600italic%2C700%2C700italic%2C800%2C800italic|font_style:400%20regular%3A400%3Anormal&#8221;][vc_custom_heading text=&#8221;Migrations-Management erfordert neben \u00dcber- auch Weitsicht&#8221; font_container=&#8221;tag:h1|font_size:32|text_align:left|color:%23195d7d|line_height:40px&#8221; google_fonts=&#8221;font_family:Open%20Sans%3A300%2C300italic%2Cregular%2Citalic%2C600%2C600italic%2C700%2C700italic%2C800%2C800italic|font_style:400%20regular%3A400%3Anormal&#8221;][vc_empty_space][vc_column_text]Bei grundlegenden Ver\u00e4nderungen in IT-System- und Prozesslandschaften, sei es im Zuge von Systemmodernisierungen im Rahmen der <a title=\"IT-Strategie\" href=\"https:\/\/scheitza-kunden.de\/efp-dev\/unsere-geschaeftsfelder\/it-strategie-it-management\/\">IT-Strategie<\/a> oder gar bei Unternehmensfusionen und -\u00fcbernahmen, gilt es immer, komplexe Integrations- und Migrationsthemen zu l\u00f6sen. Denn die Kunst hierbei besteht darin, die Zielsystemlandschaft und \u2013organisation sauber zu definieren und aufzubauen, gleichzeitig aber auch einen st\u00f6rungsfreien Betrieb der noch laufenden Systemprozesse parallel sicherzustellen.<\/p>\n<p class=\"p1\"><span><a onclick=\"read_toggle(1456372225, 'Mehr lesen', 'Weniger lesen'); return false;\" class=\"read-link\" id=\"readlink1456372225\" style=\"readlink\" href=\"#\">Mehr lesen<\/a><\/span>\n<div class=\"read_div\" id=\"read1456372225\" style=\"display: none;\">\n<p>Gerade bei unseren Kunden aus der Finanzbranche begleiten wir diese komplexen und hochgradig sensiblen Prozesse seit vielen Jahren und in den unterschiedlichsten <a title=\"Projekt-Management\" href=\"https:\/\/scheitza-kunden.de\/efp-dev\/unsere-geschaeftsfelder\/programm-projekt-und-test-management\/\">Projekten<\/a>. Schl\u00fcssel f\u00fcr den Migrationserfolg war immer ein strukturiertes Vorgehen mit umfassender Analyse und Planung aller notwendigen Projektaktivit\u00e4ten im jeweils erforderlichen Detailgrad \u2013 als Voraussetzung f\u00fcr eine zielgerichtete und effiziente Umsetzung.<\/p>\n<p>Als langj\u00e4hrig erfahrene Migrationsexperten haben wir verstanden, dass Systemver\u00e4nderungen immer auch Konsequenzen f\u00fcr die Ablauf- und Organisationsstrukturen haben. Daher betrachten wir auch Ihre Aufgabenstellung entsprechend ganzheitlich &#8211; von der Analyse selbst komplexester Daten und Strukturen zu Beginn, bei der Definition der Ziele und methodischen Vorgehensweisen bis hin zur effizienten Umsetzung und Anpassung der relevanten Organisationsstrukturen.<\/div>[\/vc_column_text][\/vc_column][\/vc_row]\n<\/div>","protected":false},"excerpt":{"rendered":"<p>[vc_row padding_top=&#8221;0px&#8221; padding_bottom=&#8221;0px&#8221;][vc_column fade_animation_offset=&#8221;45px&#8221; offset=&#8221;vc_hidden-xs&#8221;][vc_custom_heading text=&#8221;Migrations-Management&#8221; font_container=&#8221;tag:h2|font_size:24|text_align:left|color:%23ff8a00&#8243; google_fonts=&#8221;font_family:Open%20Sans%3A300%2C300italic%2Cregular%2Citalic%2C600%2C600italic%2C700%2C700italic%2C800%2C800italic|font_style:400%20regular%3A400%3Anormal&#8221;][vc_custom_heading text=&#8221;Migrations-Management erfordert neben \u00dcber- auch Weitsicht&#8221; font_container=&#8221;tag:h1|font_size:32|text_align:left|color:%23195d7d|line_height:40px&#8221; google_fonts=&#8221;font_family:Open%20Sans%3A300%2C300italic%2Cregular%2Citalic%2C600%2C600italic%2C700%2C700italic%2C800%2C800italic|font_style:400%20regular%3A400%3Anormal&#8221;][vc_empty_space][vc_column_text]Bei grundlegenden Ver\u00e4nderungen in IT-System- und Prozesslandschaften, sei es im Zuge von Systemmodernisierungen im Rahmen der IT-Strategie oder gar bei Unternehmensfusionen und -\u00fcbernahmen, gilt es immer, komplexe Integrations- und Migrationsthemen zu l\u00f6sen. Denn die Kunst hierbei besteht darin, die Zielsystemlandschaft und \u2013organisation sauber zu definieren &#8230; <\/p>\n<div><a href=\"https:\/\/scheitza-kunden.de\/efp-dev\/expertisen\/migrations\/\" class=\"more-link\">Read More<\/a><\/div>\n","protected":false},"author":12,"featured_media":0,"parent":129,"menu_order":41,"comment_status":"closed","ping_status":"closed","template":"","meta":{"footnotes":""},"_links":{"self":[{"href":"https:\/\/scheitza-kunden.de\/efp-dev\/wp-json\/wp\/v2\/pages\/147"}],"collection":[{"href":"https:\/\/scheitza-kunden.de\/efp-dev\/wp-json\/wp\/v2\/pages"}],"about":[{"href":"https:\/\/scheitza-kunden.de\/efp-dev\/wp-json\/wp\/v2\/types\/page"}],"author":[{"embeddable":true,"href":"https:\/\/scheitza-kunden.de\/efp-dev\/wp-json\/wp\/v2\/users\/12"}],"replies":[{"embeddable":true,"href":"https:\/\/scheitza-kunden.de\/efp-dev\/wp-json\/wp\/v2\/comments?post=147"}],"version-history":[{"count":32,"href":"https:\/\/scheitza-kunden.de\/efp-dev\/wp-json\/wp\/v2\/pages\/147\/revisions"}],"predecessor-version":[{"id":3746,"href":"https:\/\/scheitza-kunden.de\/efp-dev\/wp-json\/wp\/v2\/pages\/147\/revisions\/3746"}],"up":[{"embeddable":true,"href":"https:\/\/scheitza-kunden.de\/efp-dev\/wp-json\/wp\/v2\/pages\/129"}],"wp:attachment":[{"href":"https:\/\/scheitza-kunden.de\/efp-dev\/wp-json\/wp\/v2\/media?parent=147"}],"curies":[{"name":"wp","href":"https:\/\/api.w.org\/{rel}","templated":true}]}}