{"id":2046,"date":"2021-04-27T13:57:20","date_gmt":"2021-04-27T11:57:20","guid":{"rendered":"https:\/\/scheitza-kunden.de\/efp-dev\/?page_id=2046"},"modified":"2024-03-06T14:57:52","modified_gmt":"2024-03-06T13:57:52","slug":"advanced-analytics","status":"publish","type":"page","link":"https:\/\/scheitza-kunden.de\/efp-dev\/advanced-analytics\/","title":{"rendered":"Advanced Analytics"},"content":{"rendered":"<div class=\"wpb-content-wrapper\">[vc_row padding_top=&#8221;0px&#8221; padding_bottom=&#8221;0px&#8221;][vc_column fade_animation_offset=&#8221;45px&#8221;][vc_custom_heading text=&#8221;EFP Advanced Analytics&#8221; font_container=&#8221;tag:h2|font_size:24|text_align:left|color:%23ff8a00&#8243; google_fonts=&#8221;font_family:Open%20Sans%3A300%2C300italic%2Cregular%2Citalic%2C600%2C600italic%2C700%2C700italic%2C800%2C800italic|font_style:400%20regular%3A400%3Anormal&#8221;][vc_custom_heading text=&#8221;Unser Spezialist f\u00fcr fundierte Datenanalyse&#8221; font_container=&#8221;tag:h1|font_size:32|text_align:left|color:%23195d7d|line_height:40px&#8221; google_fonts=&#8221;font_family:Open%20Sans%3A300%2C300italic%2Cregular%2Citalic%2C600%2C600italic%2C700%2C700italic%2C800%2C800italic|font_style:400%20regular%3A400%3Anormal&#8221;][vc_empty_space][vc_column_text]Im Payment fallen naturgem\u00e4\u00df enorme Mengen an (Bewegungs-)Daten an, aus denen sich mit dem n\u00f6tigen Business Verst\u00e4ndnis eine Vielzahl von Erkenntnissen ableiten lassen \u2013 je nach Erfordernis und Perspektive z.B. hinsichtlich Profitabilit\u00e4t mit Blick auf versteckte Kosten oder verpasste Ertragschancen, oder durch Erkennen bestimmter Muster, z.B. so genannter \u201eFraud Pattern\u201c \u2013 Anl\u00e4sse f\u00fcr eine detaillierte Analyse der unterschiedlichsten Daten gibt es reichlich.<\/p>\n<p>Ein konkretes Beispiel ist die Analyse der von den <a href=\"https:\/\/scheitza-kunden.de\/efp-dev\/unsere-fachexpertise\/kartengeschaeft\/\">Kartenorganisationen<\/a> tats\u00e4chlich abgerechneten Entgeltpositionen, wie z.B. Interchange und weiterer Scheme Fees, im Vergleich zu den erwarteten oder vorqualifizierten Werten aus der Sicht eines Acquirers oder Issuers.<\/p>\n<p>Durch unser tiefes Verst\u00e4ndnis des Payment Marktes und der unterschiedlichen <a href=\"https:\/\/scheitza-kunden.de\/efp-dev\/geschaeftsfelder\/business-strategy\/leistungsangebot\/\">Gesch\u00e4ftsmodelle<\/a> der Marktteilnehmer sind wir in der Lage, Sie bei der Analyse Ihrer Daten optimal zu unterst\u00fctzen \u2013 sei es bei der Konzeption und dem Aufsetzen neuer Analysen, dem Ableiten konkreter Handlungsempfehlungen auf der Basis von Analyseergebnissen oder auch bei der regelm\u00e4\u00dfigen Durchf\u00fchrung von Analysen als Service-Leistung. Hierbei arbeiten wir Hand in Hand mit den Kollegen unserer Schwestergesellschaft EFP Advanced Analytics zusammen.[\/vc_column_text][vc_btn title=&#8221;Zur Webseite der EFP Advanced Analytics&#8221; size=&#8221;lg&#8221; align=&#8221;left&#8221; link=&#8221;url:https%3A%2F%2Fwww.efp-analytics.de|target:_blank&#8221;][\/vc_column][\/vc_row]\n<\/div>","protected":false},"excerpt":{"rendered":"<p>[vc_row padding_top=&#8221;0px&#8221; padding_bottom=&#8221;0px&#8221;][vc_column fade_animation_offset=&#8221;45px&#8221;][vc_custom_heading text=&#8221;EFP Advanced Analytics&#8221; font_container=&#8221;tag:h2|font_size:24|text_align:left|color:%23ff8a00&#8243; google_fonts=&#8221;font_family:Open%20Sans%3A300%2C300italic%2Cregular%2Citalic%2C600%2C600italic%2C700%2C700italic%2C800%2C800italic|font_style:400%20regular%3A400%3Anormal&#8221;][vc_custom_heading text=&#8221;Unser Spezialist f\u00fcr fundierte Datenanalyse&#8221; font_container=&#8221;tag:h1|font_size:32|text_align:left|color:%23195d7d|line_height:40px&#8221; google_fonts=&#8221;font_family:Open%20Sans%3A300%2C300italic%2Cregular%2Citalic%2C600%2C600italic%2C700%2C700italic%2C800%2C800italic|font_style:400%20regular%3A400%3Anormal&#8221;][vc_empty_space][vc_column_text]Im Payment fallen naturgem\u00e4\u00df enorme Mengen an (Bewegungs-)Daten an, aus denen sich mit dem n\u00f6tigen Business Verst\u00e4ndnis eine Vielzahl von Erkenntnissen ableiten lassen \u2013 je nach Erfordernis und Perspektive z.B. hinsichtlich Profitabilit\u00e4t mit Blick auf versteckte Kosten oder verpasste Ertragschancen, oder durch Erkennen bestimmter Muster, &#8230; <\/p>\n<div><a href=\"https:\/\/scheitza-kunden.de\/efp-dev\/advanced-analytics\/\" class=\"more-link\">Read More<\/a><\/div>\n","protected":false},"author":13,"featured_media":0,"parent":0,"menu_order":5,"comment_status":"closed","ping_status":"closed","template":"template-blank-1.php","meta":{"footnotes":""},"_links":{"self":[{"href":"https:\/\/scheitza-kunden.de\/efp-dev\/wp-json\/wp\/v2\/pages\/2046"}],"collection":[{"href":"https:\/\/scheitza-kunden.de\/efp-dev\/wp-json\/wp\/v2\/pages"}],"about":[{"href":"https:\/\/scheitza-kunden.de\/efp-dev\/wp-json\/wp\/v2\/types\/page"}],"author":[{"embeddable":true,"href":"https:\/\/scheitza-kunden.de\/efp-dev\/wp-json\/wp\/v2\/users\/13"}],"replies":[{"embeddable":true,"href":"https:\/\/scheitza-kunden.de\/efp-dev\/wp-json\/wp\/v2\/comments?post=2046"}],"version-history":[{"count":10,"href":"https:\/\/scheitza-kunden.de\/efp-dev\/wp-json\/wp\/v2\/pages\/2046\/revisions"}],"predecessor-version":[{"id":3754,"href":"https:\/\/scheitza-kunden.de\/efp-dev\/wp-json\/wp\/v2\/pages\/2046\/revisions\/3754"}],"wp:attachment":[{"href":"https:\/\/scheitza-kunden.de\/efp-dev\/wp-json\/wp\/v2\/media?parent=2046"}],"curies":[{"name":"wp","href":"https:\/\/api.w.org\/{rel}","templated":true}]}}