{"id":2929,"date":"2022-04-28T14:16:13","date_gmt":"2022-04-28T12:16:13","guid":{"rendered":"https:\/\/scheitza-kunden.de\/efp-dev\/?page_id=2929"},"modified":"2024-03-12T15:19:25","modified_gmt":"2024-03-12T14:19:25","slug":"karriere","status":"publish","type":"page","link":"https:\/\/scheitza-kunden.de\/efp-dev\/ueber-uns\/karriere\/","title":{"rendered":"Karriere"},"content":{"rendered":"<div class=\"wpb-content-wrapper\">[vc_row][vc_column][vc_custom_heading text=&#8221;Karriere in der EFP&#8221; font_container=&#8221;tag:h2|font_size:24|text_align:left&#8221;][vc_custom_heading text=&#8221;Wir bewerben uns bei Ihnen!&#8221; font_container=&#8221;tag:h1|font_size:32|text_align:left&#8221;][vc_empty_space][vc_column_text]Wir sind eine unabh\u00e4ngige und eigent\u00fcmergef\u00fchrte Beratungsboutique mit klarem Fokus auf Payment und Banking-Themen mit Sitz in Frankfurt\/Main. Seit mehr als 25 Jahren begleiten wir unsere Kunden aus dem Bank- und Finanzdienstleistungsbereich partnerschaftlich und vertrauensvoll bei ihren Vorhaben, Ver\u00e4nderungen und Initiativen \u2013 von der Ausarbeitung von Strategien bis hin zu deren erfolgreicher Umsetzung.<\/p>\n<p>Uns zeichnen flache Hierarchien und ein ausgepr\u00e4gter Teamansatz aus, so da\u00df das Einbringen von eigenen Ideen und Erfahrungen forciert wird &#8211; egal, ob es sich dabei um Aufgabenstellungen bei unseren Kunden oder um interne, wie z.B. den Ausbau unserer Expertisefelder handelt. Wir nutzen agile Arbeitsmethoden, geben Raum f\u00fcr die Umsetzung innovativer Ideen und M\u00f6glichkeiten zur \u00dcbernahme von Projekt- und F\u00fchrungsverantwortung. Daf\u00fcr bieten wir individuell zugeschnittene Weiterbildungsangebote und ein Mentoring-Programm. Einsatzplanungen erfolgen unter weitgehender Ber\u00fccksichtigung einer ausgewogenen Work-Life-Balance mit einer an die jeweilige Situation angepassten Mischung aus Vor-Ort-Eins\u00e4tzen und Home-Office.[\/vc_column_text][\/vc_column][\/vc_row][vc_row][vc_column][vc_custom_heading text=&#8221;Offene Stellen&#8221; font_container=&#8221;tag:h2|font_size:24|text_align:left&#8221;][vc_custom_heading text=&#8221;Wir suchen Talente!&#8221; font_container=&#8221;tag:h1|font_size:32|text_align:left&#8221;][vc_empty_space][vc_column_text]Im Zuge unserer Wachstums-Strategie erweitern wir unser Team kontinuierlich und sind auf der Suche nach neuen Kollegen, die mit ihrer Kompetenz, ihrer Tatkraft und ihrer Pers\u00f6nlichkeit unser Team bereichern.<\/p>\n<p>Aktuell haben wir diese Positionen zu besetzen, freuen uns aber auch \u00fcber Initiativbewerbungen, sollte die eine oder andere Stelle nicht 100%ig zu Ihnen passen. Melden Sie sich gern bei uns![\/vc_column_text][\/vc_column][\/vc_row][vc_row gap=&#8221;10&#8243; css=&#8221;.vc_custom_1619699818234{margin-bottom: 20px !important;}&#8221;][vc_column width=&#8221;1\/3&#8243;][vc_hoverbox image=&#8221;3924&#8243; primary_title=&#8221;&#8221; hover_title=&#8221;Experienced Business Consultant Payment&#8221; hover_title_font_container=&#8221;font_size:18&#8243; hover_title_google_fonts=&#8221;font_family:Lato%3A100%2C100italic%2C300%2C300italic%2Cregular%2Citalic%2C700%2C700italic%2C900%2C900italic|font_style:400%20regular%3A400%3Anormal&#8221; hover_btn_title=&#8221;Zum Stellenangebot&#8221; use_custom_fonts_hover_title=&#8221;true&#8221; hover_add_button=&#8221;true&#8221; hover_title_link=&#8221;url:https%3A%2F%2Fscheitza-kunden.de%2Fefp-dev%2Fwp-content%2Fuploads%2F2024%2F03%2FEFP_Stellenanzeige_Experienced_Consultant_Payment.pdf|target:_blank&#8221; hover_btn_link=&#8221;url:https%3A%2F%2Fscheitza-kunden.de%2Fefp-dev%2Fwp-content%2Fuploads%2F2024%2F03%2FEFP_Stellenanzeige_Experienced_Consultant_Payment.pdf|title:Stellenanzeige%20Experienced%20Consultant%20Payment|target:_blank&#8221;]Unterst\u00fctzen Sie mit Ihrer Expertise unsere Projekte im Payment Business, z.B. bei der Bewertung von Marktver\u00e4nderungen, der Entwicklung von Gesch\u00e4ftsmodellen, der Konzeption von Business Strategien, der Ausgestaltung von Produkt- und Serviceangeboten und nat\u00fcrlich bei der Digitalisierung.<\/p>\n<p>Wir freuen uns auf Sie![\/vc_hoverbox][\/vc_column][vc_column width=&#8221;1\/3&#8243;][vc_hoverbox image=&#8221;3921&#8243; primary_title=&#8221;&#8221; hover_title=&#8221;Experienced Business Consultant Finance&#8221; hover_title_font_container=&#8221;font_size:18&#8243; hover_title_google_fonts=&#8221;font_family:Lato%3A100%2C100italic%2C300%2C300italic%2Cregular%2Citalic%2C700%2C700italic%2C900%2C900italic|font_style:400%20regular%3A400%3Anormal&#8221; hover_btn_title=&#8221;Zum Stellenangebot&#8221; use_custom_fonts_hover_title=&#8221;true&#8221; hover_add_button=&#8221;true&#8221; hover_title_link=&#8221;url:https%3A%2F%2Fscheitza-kunden.de%2Fefp-dev%2Fwp-content%2Fuploads%2F2024%2F03%2FEFP_Stellenanzeige_Experienced_Business_Consultant_Finance.pdf|target:_blank&#8221; hover_btn_link=&#8221;url:https%3A%2F%2Fscheitza-kunden.de%2Fefp-dev%2Fwp-content%2Fuploads%2F2024%2F03%2FEFP_Stellenanzeige_Experienced_Business_Consultant_Finance.pdf|title:Stellenanzeige%20Experienced%20Business%20Consultant%20Finance|target:_blank&#8221;]Unterst\u00fctzen Sie mit Ihrer Finance Expertise unsere Projekte im Payment- und Banking-Umfeld, z.B. bei Vorhaben mit dem Schwerpunkt auf Finance-Themen, Mitwirkung bei L\u00f6sungs- uns Umsetzungskonzeptionen, Design von Finanz- und Abstimmungsprozessen und Buchungskonzepten und nat\u00fcrlich bei der Digitalisierung.<\/p>\n<p>Wir freuen uns auf Sie![\/vc_hoverbox][\/vc_column][vc_column width=&#8221;1\/3&#8243;][vc_hoverbox image=&#8221;3920&#8243; primary_title=&#8221;&#8221; hover_title=&#8221;Experienced Business Consultant Compliance&#8221; hover_title_font_container=&#8221;font_size:18&#8243; hover_title_google_fonts=&#8221;font_family:Lato%3A100%2C100italic%2C300%2C300italic%2Cregular%2Citalic%2C700%2C700italic%2C900%2C900italic|font_style:400%20regular%3A400%3Anormal&#8221; hover_btn_title=&#8221;Zum Stellenangebot&#8221; use_custom_fonts_hover_title=&#8221;true&#8221; hover_add_button=&#8221;true&#8221; hover_title_link=&#8221;url:https%3A%2F%2Fscheitza-kunden.de%2Fefp-dev%2Fwp-content%2Fuploads%2F2024%2F03%2FEFP_Stellenanzeige_Experienced_Business_Consultant_Compliance.pdf|target:_blank&#8221; hover_btn_link=&#8221;url:https%3A%2F%2Fscheitza-kunden.de%2Fefp-dev%2Fwp-content%2Fuploads%2F2024%2F03%2FEFP_Stellenanzeige_Experienced_Business_Consultant_Compliance.pdf|title:Data%20Analytics%20Specialist|target:_blank&#8221;]<span class=\"TextRun BCX4 SCXP96196903\" lang=\"DE-DE\" xml:lang=\"DE-DE\" data-scheme-color=\"@404042,,\" data-usefontface=\"true\" data-contrast=\"none\"><span class=\"NormalTextRun BCX4 SCXP96196903\">Werden Sie Mitglied in einem Team erfahrener Beraterbei einem der f\u00fchrenden <\/span><\/span><span class=\"TextRun BCX4 SCXP96196903\" lang=\"DE-DE\" xml:lang=\"DE-DE\" data-scheme-color=\"@404042,,\" data-usefontface=\"true\" data-contrast=\"none\"><span class=\"NormalTextRun BCX4 SCXP96196903\">Beratungsh\u00e4user im Payment-Umfeld. Unterst\u00fctzen Sie aktiv die unterschiedlichsten <\/span><\/span><span class=\"TextRun BCX4 SCXP96196903\" lang=\"DE-DE\" xml:lang=\"DE-DE\" data-scheme-color=\"@404042,,\" data-usefontface=\"true\" data-contrast=\"none\"><span class=\"NormalTextRun BCX4 SCXP96196903\">Marktteilnehmer und Vorhaben als ausgewiesener Compliance Spezialist.<\/span><\/span><\/p>\n<p>Wir freuen uns auf Sie!<\/p>\n<p>&nbsp;<\/p>\n[\/vc_hoverbox][\/vc_column][\/vc_row][vc_row][vc_column width=&#8221;1\/3&#8243;][vc_hoverbox image=&#8221;3923&#8243; primary_title=&#8221;&#8221; hover_title=&#8221;Experienced Transformation Manager&#8221; hover_title_font_container=&#8221;font_size:18&#8243; hover_title_google_fonts=&#8221;font_family:Lato%3A100%2C100italic%2C300%2C300italic%2Cregular%2Citalic%2C700%2C700italic%2C900%2C900italic|font_style:400%20regular%3A400%3Anormal&#8221; hover_btn_title=&#8221;Zum Stellenangebot&#8221; use_custom_fonts_hover_title=&#8221;true&#8221; hover_add_button=&#8221;true&#8221; hover_title_link=&#8221;url:https%3A%2F%2Fscheitza-kunden.de%2Fefp-dev%2Fwp-content%2Fuploads%2F2024%2F03%2FEFP_Stellenanzeige_Experienced_Transformationmanager.pdf|target:_blank&#8221; hover_btn_link=&#8221;url:https%3A%2F%2Fscheitza-kunden.de%2Fefp-dev%2Fwp-content%2Fuploads%2F2024%2F03%2FEFP_Stellenanzeige_Experienced_Transformationmanager.pdf|title:Senior%20Consultant%20Payment|target:_blank&#8221;]Werden Sie Mitglied in einem Team erfahrener Berater bei einem der f\u00fchrenden Beratungsh\u00e4user im Payment-Umfeld. Unterst\u00fctzen Sie aktiv die unterschiedlichsten Unternehmen und Vorhaben mit Ihrer ausgewiesenen Expertise als Transformation Manager.<\/p>\n<p>Wir freuen uns auf Sie![\/vc_hoverbox][\/vc_column][vc_column width=&#8221;1\/3&#8243;][vc_hoverbox image=&#8221;3099&#8243; primary_title=&#8221;&#8221; hover_title=&#8221;Platz f\u00fcr Ihr Talent&#8221; hover_title_font_container=&#8221;font_size:18&#8243; hover_title_google_fonts=&#8221;font_family:Lato%3A100%2C100italic%2C300%2C300italic%2Cregular%2Citalic%2C700%2C700italic%2C900%2C900italic|font_style:400%20regular%3A400%3Anormal&#8221; hover_btn_title=&#8221;Schreiben Sie uns&#8221; use_custom_fonts_hover_title=&#8221;true&#8221; hover_add_button=&#8221;true&#8221; hover_title_link=&#8221;url:mailto%3ASie%40efp-consulting.de|target:_blank&#8221; hover_btn_link=&#8221;url:mailto%3ASie%40efp-consulting.de|title:Schreiben%20Sie%20uns|target:_blank&#8221;]Sie verf\u00fcgen \u00fcber fundierte Expertise im Bereich Payment und Banking, aber keine der hier beschriebenen Stellen passt zu Ihnen? Kein Problem, melden Sie sich dennoch gern bei uns \u2013 wir finden sicher eine L\u00f6sung.<\/p>\n<p>Wir freuen uns auf Sie!<\/p>\n<p>&nbsp;<\/p>\n[\/vc_hoverbox][\/vc_column][vc_column width=&#8221;1\/3&#8243;][\/vc_column][\/vc_row][vc_row][vc_column width=&#8221;1\/3&#8243;][\/vc_column][vc_column width=&#8221;1\/3&#8243;][\/vc_column][vc_column width=&#8221;1\/3&#8243;][\/vc_column][\/vc_row]\n<\/div>","protected":false},"excerpt":{"rendered":"<p>[vc_row][vc_column][vc_custom_heading text=&#8221;Karriere in der EFP&#8221; font_container=&#8221;tag:h2|font_size:24|text_align:left&#8221;][vc_custom_heading text=&#8221;Wir bewerben uns bei Ihnen!&#8221; font_container=&#8221;tag:h1|font_size:32|text_align:left&#8221;][vc_empty_space][vc_column_text]Wir sind eine unabh\u00e4ngige und eigent\u00fcmergef\u00fchrte Beratungsboutique mit klarem Fokus auf Payment und Banking-Themen mit Sitz in Frankfurt\/Main. Seit mehr als 25 Jahren begleiten wir unsere Kunden aus dem Bank- und Finanzdienstleistungsbereich partnerschaftlich und vertrauensvoll bei ihren Vorhaben, Ver\u00e4nderungen und Initiativen \u2013 von der Ausarbeitung von Strategien bis hin &#8230; <\/p>\n<div><a href=\"https:\/\/scheitza-kunden.de\/efp-dev\/ueber-uns\/karriere\/\" class=\"more-link\">Read More<\/a><\/div>\n","protected":false},"author":13,"featured_media":0,"parent":9,"menu_order":48,"comment_status":"closed","ping_status":"closed","template":"template-blank-1.php","meta":{"footnotes":""},"_links":{"self":[{"href":"https:\/\/scheitza-kunden.de\/efp-dev\/wp-json\/wp\/v2\/pages\/2929"}],"collection":[{"href":"https:\/\/scheitza-kunden.de\/efp-dev\/wp-json\/wp\/v2\/pages"}],"about":[{"href":"https:\/\/scheitza-kunden.de\/efp-dev\/wp-json\/wp\/v2\/types\/page"}],"author":[{"embeddable":true,"href":"https:\/\/scheitza-kunden.de\/efp-dev\/wp-json\/wp\/v2\/users\/13"}],"replies":[{"embeddable":true,"href":"https:\/\/scheitza-kunden.de\/efp-dev\/wp-json\/wp\/v2\/comments?post=2929"}],"version-history":[{"count":72,"href":"https:\/\/scheitza-kunden.de\/efp-dev\/wp-json\/wp\/v2\/pages\/2929\/revisions"}],"predecessor-version":[{"id":3928,"href":"https:\/\/scheitza-kunden.de\/efp-dev\/wp-json\/wp\/v2\/pages\/2929\/revisions\/3928"}],"up":[{"embeddable":true,"href":"https:\/\/scheitza-kunden.de\/efp-dev\/wp-json\/wp\/v2\/pages\/9"}],"wp:attachment":[{"href":"https:\/\/scheitza-kunden.de\/efp-dev\/wp-json\/wp\/v2\/media?parent=2929"}],"curies":[{"name":"wp","href":"https:\/\/api.w.org\/{rel}","templated":true}]}}