{"id":3012,"date":"2022-05-30T12:04:03","date_gmt":"2022-05-30T10:04:03","guid":{"rendered":"https:\/\/scheitza-kunden.de\/efp-dev\/?page_id=3012"},"modified":"2024-02-28T10:37:09","modified_gmt":"2024-02-28T09:37:09","slug":"compliance-management-fokusbranchen","status":"publish","type":"page","link":"https:\/\/scheitza-kunden.de\/efp-dev\/expertisen\/compliance\/compliance-management-fokusbranchen\/","title":{"rendered":"Compliance Management &#8211; Fokusbranchen"},"content":{"rendered":"<div class=\"wpb-content-wrapper\">[vc_row][vc_column][vc_custom_heading text=&#8221;Compliance Management&#8221; font_container=&#8221;tag:h2|font_size:24|text_align:left|color:%23ff8a00&#8243;][vc_custom_heading text=&#8221;Unsere Fokusbranchen&#8221; font_container=&#8221;tag:h1|font_size:32|text_align:left|color:%23195d7d&#8221; google_fonts=&#8221;font_family:Open%20Sans%3A300%2C300italic%2Cregular%2Citalic%2C600%2C600italic%2C700%2C700italic%2C800%2C800italic|font_style:400%20regular%3A400%3Anormal&#8221;][vc_empty_space][vc_column_text]Unser Beratungs- und Leistungsspektrum konzentriert sich im Wesentlichen auf die ZAG-regulierten Unternehmen aus der Payment-, sowie die FinTech-Branche. Diese Branchen stehen, aufgrund von diversen Einflussfaktoren, vor einem entscheidenden Wandel, beziehungsweise vor der Herausforderung, am Markt weiterhin zu bestehen \u2013 gleichzeitig steigt auch in diesem Umfeld der Regulierungsdruck kontinuierlich an.[\/vc_column_text][\/vc_column][\/vc_row][vc_row padding_top=&#8221;0px&#8221; padding_bottom=&#8221;0px&#8221;][vc_column]\r\n        <style>\r\n        \t.unique-carousel-124 .owl-next, .unique-carousel-124 .owl-prev{\r\n        \t\tbackground:   !important;\r\n        \t\tcolor: #ff8a00 !important;\r\n        \t}\r\n\r\n        \t.unique-carousel-124.owl-theme .owl-dots .owl-dot.active span, .unique-carousel-124.owl-theme .owl-dots .owl-dot:hover span{\r\n        \t\tbackground: #ff8a00 !important;\r\n        \t}\r\n\r\n        \t.owl-next, .owl-prev{\r\n        \t\ttop: 40%;\r\n        \t}\r\n        <\/style>\r\n        <div class=\"wdo-carosuel-container unique-carousel-124 owl-carousel owl-theme\">\r\n        \t\t\t\t\r\n\t\t<div class=\"item\">\r\n\t\t\t[vc_row_inner content_placement=&#8221;top&#8221; gap=&#8221;30&#8243;][vc_column_inner width=&#8221;1\/4&#8243;][vc_column_text]\n<p style=\"text-align: center;\"><strong>Paymentunternehmen<\/strong><\/p>\n[\/vc_column_text][vc_single_image image=&#8221;3721&#8243; img_size=&#8221;medium&#8221; alignment=&#8221;center&#8221; css=&#8221;.vc_custom_1709113018002{margin-top: -30px !important;margin-bottom: -30px !important;}&#8221;][\/vc_column_inner][vc_column_inner width=&#8221;3\/4&#8243;][vc_column_text]Die Digitalisierung er\u00f6ffnet den etablierten Unternehmen im Zahlungsverkehr die M\u00f6glichkeit, durch technologische Innovationen ihre Gesch\u00e4ftsmodelle weiterzuentwickeln, bzw. durch Neue zu erg\u00e4nzen. So k\u00f6nnen Payment-Anbieter auf Basis tiefgreifender Analysen der \u00fcber sie abgewickelten Transaktionen ihren Kunden datenbasierte Vorteilsangebote unterbreiten. Je nach Gesch\u00e4ftsmodell kann dies entweder mit Verbraucher- oder mit Anbieter-\/H\u00e4ndler-Fokus erfolgen. Zudem sind neue Bezahlmethoden, (App-basierte) Kontoinformationsdienste, Crowdfunding-Plattformen, sowie digitale W\u00e4hrungen Teil dieser \u201eRevolution\u201c. Diese neuen Chancen bringen jedoch auch vielschichtige Risiken mit sich, welche durch ad\u00e4quate Compliance Management Systeme und Prozesse identifiziert, bewertet und gesteuert werden m\u00fcssen.[\/vc_column_text][\/vc_column_inner][\/vc_row_inner]\t\t<\/div>\r\n\r\n\t\t\t\t\t\r\n\t\t<div class=\"item\">\r\n\t\t\t[vc_row_inner content_placement=&#8221;top&#8221; gap=&#8221;30&#8243;][vc_column_inner width=&#8221;1\/4&#8243;][vc_column_text]\n<p style=\"text-align: center;\"><strong>FinTech<\/strong><\/p>\n[\/vc_column_text][vc_single_image image=&#8221;3720&#8243; img_size=&#8221;medium&#8221; alignment=&#8221;center&#8221; css=&#8221;.vc_custom_1709113027215{margin-top: -30px !important;margin-bottom: -30px !important;}&#8221;][\/vc_column_inner][vc_column_inner width=&#8221;3\/4&#8243;][vc_column_text]Die FinTechs haben sich durch die Digitalisierung mit ihren App-L\u00f6sungen, einfachen und kundenorientierten Bezahlprozessen und digitalen Services z.B. bei der Identifizierung von Kunden mittlerweile fest am Markt etabliert. Sie betreten mit ihren innovativen Services jedoch auch immer h\u00e4ufiger reguliertes Terrain, sodass die Gesch\u00e4fte eine grunds\u00e4tzliche aufsichtsrechtliche Bedeutung bekommen. Ob und inwieweit sie dann allerdings auch als konkret aufsichtsrechtlich relevant eingestuft werden, h\u00e4ngt von der Ausgestaltung des jeweiligen Gesch\u00e4ftsmodells ab. So k\u00f6nnen auch solche Angebote den aufsichtsrechtlichen Anforderungen unterliegen und vielschichtige Risiken mit sich bringen, die durch ad\u00e4quate sowie angemessene Compliance Management Systeme und Prozesse identifiziert, bewertet und gesteuert werden m\u00fcssen (Stichwort: \u201eProportionalit\u00e4t\u201c).[\/vc_column_text][\/vc_column_inner][\/vc_row_inner]\t\t<\/div>\r\n\r\n\t\t        <\/div>\r\n        <script type=\"text\/javascript\">\r\n        \tjQuery(document).ready(function ($) {\r\n        \t\t$('.unique-carousel-124').owlCarousel({\r\n        \t\t    margin:10,\r\n        \t\t    touchDrag:true,\r\n        \t\t    mouseDrag:true,\r\n        \t\t    animateIn: \"no-animation\",\r\n        \t\t    animateOut: \"slideOutLeft\",\r\n        \t\t    video:true,\r\n        \t\t    videoWidth:true,\r\n        \t\t    videoHeight:300,\r\n        \t\t    loop:false,\r\n        \t\t    slideBy:1,\r\n        \t\t    autoplay:false, \r\n        \t\t    nav:true,\r\n        \t\t    dots:true,\r\n        \t\t    navText:[\"<div class='nav-btn prev-slide'><\/div>\",\"<div class='nav-btn next-slide'><\/div>\"],\r\n        \t\t    responsive:{\r\n        \t\t        0:{\r\n        \t\t            items:1        \t\t        },\r\n        \t\t        600:{\r\n        \t\t            items:1        \t\t        },\r\n        \t\t        1000:{\r\n        \t\t            items:1        \t\t        }\r\n        \t\t    }\r\n        \t\t});\r\n        \t});\r\n        <\/script>\r\n\r\n        [vc_empty_space height=&#8221;16px&#8221;][vc_btn title=&#8221;zur\u00fcck&#8221; align=&#8221;center&#8221; link=&#8221;url:https%3A%2F%2Fscheitza-kunden.de%2Fefp-dev%2Fexpertisen%2Fcompliance%2F|title:Zur%C3%BCck%20zu%20Compliance%20Management&#8221;][\/vc_column][\/vc_row]\n<\/div>","protected":false},"excerpt":{"rendered":"<p>[vc_row][vc_column][vc_custom_heading text=&#8221;Compliance Management&#8221; font_container=&#8221;tag:h2|font_size:24|text_align:left|color:%23ff8a00&#8243;][vc_custom_heading text=&#8221;Unsere Fokusbranchen&#8221; font_container=&#8221;tag:h1|font_size:32|text_align:left|color:%23195d7d&#8221; google_fonts=&#8221;font_family:Open%20Sans%3A300%2C300italic%2Cregular%2Citalic%2C600%2C600italic%2C700%2C700italic%2C800%2C800italic|font_style:400%20regular%3A400%3Anormal&#8221;][vc_empty_space][vc_column_text]Unser Beratungs- und Leistungsspektrum konzentriert sich im Wesentlichen auf die ZAG-regulierten Unternehmen aus der Payment-, sowie die FinTech-Branche. Diese Branchen stehen, aufgrund von diversen Einflussfaktoren, vor einem entscheidenden Wandel, beziehungsweise vor der Herausforderung, am Markt weiterhin zu bestehen \u2013 gleichzeitig steigt auch in diesem Umfeld der Regulierungsdruck kontinuierlich an.[\/vc_column_text][\/vc_column][\/vc_row][vc_row padding_top=&#8221;0px&#8221; padding_bottom=&#8221;0px&#8221;][vc_column][vc_empty_space height=&#8221;16px&#8221;][vc_btn title=&#8221;zur\u00fcck&#8221; &#8230; <\/p>\n<div><a href=\"https:\/\/scheitza-kunden.de\/efp-dev\/expertisen\/compliance\/compliance-management-fokusbranchen\/\" class=\"more-link\">Read More<\/a><\/div>\n","protected":false},"author":16,"featured_media":0,"parent":3006,"menu_order":2,"comment_status":"closed","ping_status":"closed","template":"","meta":{"footnotes":""},"_links":{"self":[{"href":"https:\/\/scheitza-kunden.de\/efp-dev\/wp-json\/wp\/v2\/pages\/3012"}],"collection":[{"href":"https:\/\/scheitza-kunden.de\/efp-dev\/wp-json\/wp\/v2\/pages"}],"about":[{"href":"https:\/\/scheitza-kunden.de\/efp-dev\/wp-json\/wp\/v2\/types\/page"}],"author":[{"embeddable":true,"href":"https:\/\/scheitza-kunden.de\/efp-dev\/wp-json\/wp\/v2\/users\/16"}],"replies":[{"embeddable":true,"href":"https:\/\/scheitza-kunden.de\/efp-dev\/wp-json\/wp\/v2\/comments?post=3012"}],"version-history":[{"count":7,"href":"https:\/\/scheitza-kunden.de\/efp-dev\/wp-json\/wp\/v2\/pages\/3012\/revisions"}],"predecessor-version":[{"id":3728,"href":"https:\/\/scheitza-kunden.de\/efp-dev\/wp-json\/wp\/v2\/pages\/3012\/revisions\/3728"}],"up":[{"embeddable":true,"href":"https:\/\/scheitza-kunden.de\/efp-dev\/wp-json\/wp\/v2\/pages\/3006"}],"wp:attachment":[{"href":"https:\/\/scheitza-kunden.de\/efp-dev\/wp-json\/wp\/v2\/media?parent=3012"}],"curies":[{"name":"wp","href":"https:\/\/api.w.org\/{rel}","templated":true}]}}