{"id":2726,"date":"2017-09-12T13:00:15","date_gmt":"2017-09-12T11:00:15","guid":{"rendered":"https:\/\/scheitza-kunden.de\/seitz\/?page_id=2726"},"modified":"2019-10-06T22:14:50","modified_gmt":"2019-10-06T20:14:50","slug":"kohlers","status":"publish","type":"page","link":"https:\/\/scheitza-kunden.de\/seitz\/kohlers\/","title":{"rendered":"kohlers"},"content":{"rendered":"<div id=\"cs-content\" class=\"cs-content\"><\/div>\n","protected":false},"excerpt":{"rendered":"<p>print Kohlers &#8211; Gutes aus dem Hause Seitz in FriedrichsdorfVor einigen Jahren hatten wir damit begonnen, Ihnen eine kleine Auswahl an k\u00fcchenfertigen Gerichten anzubieten. Heute k\u00f6nnen Sie aus einer Vielzahl unterschiedlichster Speisen ausw\u00e4hlen, f\u00fcr jeden Geschmack das passende Gericht. Hinter dieser Idee von damals steckte tats\u00e4chlich eine Geschichte. Es war die Erinnerung an das tolle Essen, das unsere Gro\u00dfmutter Margot &#8230; <\/p>\n<div><a href=\"https:\/\/scheitza-kunden.de\/seitz\/kohlers\/\" class=\"more-link\">Read More<\/a><\/div>\n","protected":false},"author":1,"featured_media":0,"parent":0,"menu_order":0,"comment_status":"closed","ping_status":"closed","template":"template-layout-full-width.php","meta":[],"yoast_head":"<!-- This site is optimized with the Yoast SEO plugin v20.11 - https:\/\/yoast.com\/wordpress\/plugins\/seo\/ -->\n<title>kohlers - Metzgerei Seitz<\/title>\n<meta name=\"robots\" content=\"index, follow, max-snippet:-1, max-image-preview:large, max-video-preview:-1\" \/>\n<link rel=\"canonical\" href=\"https:\/\/scheitza-kunden.de\/seitz\/kohlers\/\" \/>\n<meta property=\"og:locale\" content=\"de_DE\" \/>\n<meta property=\"og:type\" content=\"article\" \/>\n<meta property=\"og:title\" content=\"kohlers - Metzgerei Seitz\" \/>\n<meta property=\"og:description\" content=\"print Kohlers - Gutes aus dem Hause Seitz in FriedrichsdorfVor einigen Jahren hatten wir damit begonnen, Ihnen eine kleine Auswahl an k\u00fcchenfertigen Gerichten anzubieten. Heute k\u00f6nnen Sie aus einer Vielzahl unterschiedlichster Speisen ausw\u00e4hlen, f\u00fcr jeden Geschmack das passende Gericht. Hinter dieser Idee von damals steckte tats\u00e4chlich eine Geschichte. Es war die Erinnerung an das tolle Essen, das unsere Gro\u00dfmutter Margot ... Read More\" \/>\n<meta property=\"og:url\" content=\"https:\/\/scheitza-kunden.de\/seitz\/kohlers\/\" \/>\n<meta property=\"og:site_name\" content=\"Metzgerei Seitz\" \/>\n<meta property=\"article:modified_time\" content=\"2019-10-06T20:14:50+00:00\" \/>\n<meta name=\"twitter:card\" content=\"summary_large_image\" \/>\n<meta name=\"twitter:label1\" content=\"Gesch\u00e4tzte Lesezeit\" \/>\n\t<meta name=\"twitter:data1\" content=\"6\u00a0Minuten\" \/>\n<script type=\"application\/ld+json\" class=\"yoast-schema-graph\">{\"@context\":\"https:\/\/schema.org\",\"@graph\":[{\"@type\":\"WebPage\",\"@id\":\"https:\/\/scheitza-kunden.de\/seitz\/kohlers\/\",\"url\":\"https:\/\/scheitza-kunden.de\/seitz\/kohlers\/\",\"name\":\"kohlers - Metzgerei Seitz\",\"isPartOf\":{\"@id\":\"https:\/\/scheitza-kunden.de\/seitz\/#website\"},\"datePublished\":\"2017-09-12T11:00:15+00:00\",\"dateModified\":\"2019-10-06T20:14:50+00:00\",\"breadcrumb\":{\"@id\":\"https:\/\/scheitza-kunden.de\/seitz\/kohlers\/#breadcrumb\"},\"inLanguage\":\"de\",\"potentialAction\":[{\"@type\":\"ReadAction\",\"target\":[\"https:\/\/scheitza-kunden.de\/seitz\/kohlers\/\"]}]},{\"@type\":\"BreadcrumbList\",\"@id\":\"https:\/\/scheitza-kunden.de\/seitz\/kohlers\/#breadcrumb\",\"itemListElement\":[{\"@type\":\"ListItem\",\"position\":1,\"name\":\"Startseite\",\"item\":\"https:\/\/scheitza-kunden.de\/seitz\/\"},{\"@type\":\"ListItem\",\"position\":2,\"name\":\"kohlers\"}]},{\"@type\":\"WebSite\",\"@id\":\"https:\/\/scheitza-kunden.de\/seitz\/#website\",\"url\":\"https:\/\/scheitza-kunden.de\/seitz\/\",\"name\":\"Metzgerei Seitz\",\"description\":\"Rundum ein Genuss\",\"potentialAction\":[{\"@type\":\"SearchAction\",\"target\":{\"@type\":\"EntryPoint\",\"urlTemplate\":\"https:\/\/scheitza-kunden.de\/seitz\/?s={search_term_string}\"},\"query-input\":\"required name=search_term_string\"}],\"inLanguage\":\"de\"}]}<\/script>\n<!-- \/ Yoast SEO plugin. -->","yoast_head_json":{"title":"kohlers - Metzgerei Seitz","robots":{"index":"index","follow":"follow","max-snippet":"max-snippet:-1","max-image-preview":"max-image-preview:large","max-video-preview":"max-video-preview:-1"},"canonical":"https:\/\/scheitza-kunden.de\/seitz\/kohlers\/","og_locale":"de_DE","og_type":"article","og_title":"kohlers - Metzgerei Seitz","og_description":"print Kohlers - Gutes aus dem Hause Seitz in FriedrichsdorfVor einigen Jahren hatten wir damit begonnen, Ihnen eine kleine Auswahl an k\u00fcchenfertigen Gerichten anzubieten. Heute k\u00f6nnen Sie aus einer Vielzahl unterschiedlichster Speisen ausw\u00e4hlen, f\u00fcr jeden Geschmack das passende Gericht. Hinter dieser Idee von damals steckte tats\u00e4chlich eine Geschichte. Es war die Erinnerung an das tolle Essen, das unsere Gro\u00dfmutter Margot ... Read More","og_url":"https:\/\/scheitza-kunden.de\/seitz\/kohlers\/","og_site_name":"Metzgerei Seitz","article_modified_time":"2019-10-06T20:14:50+00:00","twitter_card":"summary_large_image","twitter_misc":{"Gesch\u00e4tzte Lesezeit":"6\u00a0Minuten"},"schema":{"@context":"https:\/\/schema.org","@graph":[{"@type":"WebPage","@id":"https:\/\/scheitza-kunden.de\/seitz\/kohlers\/","url":"https:\/\/scheitza-kunden.de\/seitz\/kohlers\/","name":"kohlers - Metzgerei Seitz","isPartOf":{"@id":"https:\/\/scheitza-kunden.de\/seitz\/#website"},"datePublished":"2017-09-12T11:00:15+00:00","dateModified":"2019-10-06T20:14:50+00:00","breadcrumb":{"@id":"https:\/\/scheitza-kunden.de\/seitz\/kohlers\/#breadcrumb"},"inLanguage":"de","potentialAction":[{"@type":"ReadAction","target":["https:\/\/scheitza-kunden.de\/seitz\/kohlers\/"]}]},{"@type":"BreadcrumbList","@id":"https:\/\/scheitza-kunden.de\/seitz\/kohlers\/#breadcrumb","itemListElement":[{"@type":"ListItem","position":1,"name":"Startseite","item":"https:\/\/scheitza-kunden.de\/seitz\/"},{"@type":"ListItem","position":2,"name":"kohlers"}]},{"@type":"WebSite","@id":"https:\/\/scheitza-kunden.de\/seitz\/#website","url":"https:\/\/scheitza-kunden.de\/seitz\/","name":"Metzgerei Seitz","description":"Rundum ein Genuss","potentialAction":[{"@type":"SearchAction","target":{"@type":"EntryPoint","urlTemplate":"https:\/\/scheitza-kunden.de\/seitz\/?s={search_term_string}"},"query-input":"required name=search_term_string"}],"inLanguage":"de"}]}},"_links":{"self":[{"href":"https:\/\/scheitza-kunden.de\/seitz\/wp-json\/wp\/v2\/pages\/2726"}],"collection":[{"href":"https:\/\/scheitza-kunden.de\/seitz\/wp-json\/wp\/v2\/pages"}],"about":[{"href":"https:\/\/scheitza-kunden.de\/seitz\/wp-json\/wp\/v2\/types\/page"}],"author":[{"embeddable":true,"href":"https:\/\/scheitza-kunden.de\/seitz\/wp-json\/wp\/v2\/users\/1"}],"replies":[{"embeddable":true,"href":"https:\/\/scheitza-kunden.de\/seitz\/wp-json\/wp\/v2\/comments?post=2726"}],"version-history":[{"count":23,"href":"https:\/\/scheitza-kunden.de\/seitz\/wp-json\/wp\/v2\/pages\/2726\/revisions"}],"predecessor-version":[{"id":5012,"href":"https:\/\/scheitza-kunden.de\/seitz\/wp-json\/wp\/v2\/pages\/2726\/revisions\/5012"}],"wp:attachment":[{"href":"https:\/\/scheitza-kunden.de\/seitz\/wp-json\/wp\/v2\/media?parent=2726"}],"curies":[{"name":"wp","href":"https:\/\/api.w.org\/{rel}","templated":true}]}}