{"id":1495,"date":"2024-03-05T10:14:30","date_gmt":"2024-03-05T09:14:30","guid":{"rendered":"https:\/\/scheitza-kunden.de\/zas2\/?page_id=1495"},"modified":"2024-03-05T10:26:42","modified_gmt":"2024-03-05T09:26:42","slug":"newsletter","status":"publish","type":"page","link":"https:\/\/scheitza-kunden.de\/zas2\/newsletter\/","title":{"rendered":"Newsletter"},"content":{"rendered":"<p>[et_pb_section fb_built=&#8220;1&#8243; _builder_version=&#8220;4.24.2&#8243; _module_preset=&#8220;default&#8220; custom_margin=&#8220;0px||0px||true|false&#8220; custom_padding=&#8220;0px||0px||true|false&#8220; global_colors_info=&#8220;{}&#8220; theme_builder_area=&#8220;post_content&#8220;][et_pb_row _builder_version=&#8220;4.24.2&#8243; _module_preset=&#8220;default&#8220; width=&#8220;100%&#8220; max_width=&#8220;100%&#8220; custom_margin=&#8220;0px||0px||true|false&#8220; custom_padding=&#8220;0px||0px||true|false&#8220; global_colors_info=&#8220;{}&#8220; theme_builder_area=&#8220;post_content&#8220;][et_pb_column type=&#8220;4_4&#8243; _builder_version=&#8220;4.24.2&#8243; _module_preset=&#8220;default&#8220; global_colors_info=&#8220;{}&#8220; theme_builder_area=&#8220;post_content&#8220;][et_pb_text _builder_version=&#8220;4.24.2&#8243; _module_preset=&#8220;default&#8220; global_colors_info=&#8220;{}&#8220; theme_builder_area=&#8220;post_content&#8220;]<\/p>\n<script type=\"text\/javascript\">jQuery(function() { _initLayerSlider( '#layerslider_18_bck5b3utkol8', {createdWith: '7.9.9', sliderVersion: '7.9.11', type: 'fullwidth', skin: 'v6', navStartStop: false, navButtons: false, showCircleTimer: false, useSrcset: true, skinsPath: 'https:\/\/scheitza-kunden.de\/zas2\/wp-content\/plugins\/LayerSlider\/assets\/static\/layerslider\/skins\/', performanceMode: true}); });<\/script><div id=\"layerslider_18_bck5b3utkol8\"  class=\"ls-wp-container fitvidsignore ls-selectable\" style=\"width:1280px;height:500px;margin:0 auto;\"><div class=\"ls-slide\" ><img loading=\"lazy\" decoding=\"async\" width=\"2400\" height=\"900\" src=\"https:\/\/scheitza-kunden.de\/zas2\/wp-content\/uploads\/2024\/03\/Vacancies-1.jpg\" class=\"ls-bg\" alt=\"\" srcset=\"https:\/\/scheitza-kunden.de\/zas2\/wp-content\/uploads\/2024\/03\/Vacancies-1.jpg 2400w, https:\/\/scheitza-kunden.de\/zas2\/wp-content\/uploads\/2024\/03\/Vacancies-1-1280x480.jpg 1280w, https:\/\/scheitza-kunden.de\/zas2\/wp-content\/uploads\/2024\/03\/Vacancies-1-980x368.jpg 980w, https:\/\/scheitza-kunden.de\/zas2\/wp-content\/uploads\/2024\/03\/Vacancies-1-480x180.jpg 480w\" sizes=\"(min-width: 0px) and (max-width: 480px) 480px, (min-width: 481px) and (max-width: 980px) 980px, (min-width: 981px) and (max-width: 1280px) 1280px, (min-width: 1281px) 2400px, 100vw\" \/><\/div><div class=\"ls-slide\" data-ls=\"duration:8000;transition2d:5;transitionduration:1000;kenburnszoom:in;kenburnsscale:1.1;parallaxtype:3d;parallaxtransformorigin:65% slidermiddle 0;\"><img loading=\"lazy\" decoding=\"async\" width=\"2400\" height=\"900\" src=\"https:\/\/scheitza-kunden.de\/zas2\/wp-content\/uploads\/2024\/03\/vacancies.jpg\" class=\"ls-bg\" alt=\"\" srcset=\"https:\/\/scheitza-kunden.de\/zas2\/wp-content\/uploads\/2024\/03\/vacancies.jpg 2400w, https:\/\/scheitza-kunden.de\/zas2\/wp-content\/uploads\/2024\/03\/vacancies-1280x480.jpg 1280w, https:\/\/scheitza-kunden.de\/zas2\/wp-content\/uploads\/2024\/03\/vacancies-980x368.jpg 980w, https:\/\/scheitza-kunden.de\/zas2\/wp-content\/uploads\/2024\/03\/vacancies-480x180.jpg 480w\" sizes=\"(min-width: 0px) and (max-width: 480px) 480px, (min-width: 481px) and (max-width: 980px) 980px, (min-width: 981px) and (max-width: 1280px) 1280px, (min-width: 1281px) 2400px, 100vw\" \/><\/div><\/div>\n<p>[\/et_pb_text][\/et_pb_column][\/et_pb_row][\/et_pb_section][et_pb_section fb_built=&#8220;1&#8243; _builder_version=&#8220;4.24.2&#8243; _module_preset=&#8220;default&#8220; custom_padding=&#8220;||96px|||&#8220; collapsed=&#8220;off&#8220; global_colors_info=&#8220;{}&#8220; theme_builder_area=&#8220;post_content&#8220;][et_pb_row _builder_version=&#8220;4.24.2&#8243; _module_preset=&#8220;default&#8220; custom_padding=&#8220;41px||4px|||&#8220; global_colors_info=&#8220;{}&#8220; theme_builder_area=&#8220;post_content&#8220;][et_pb_column type=&#8220;4_4&#8243; _builder_version=&#8220;4.24.2&#8243; _module_preset=&#8220;default&#8220; global_colors_info=&#8220;{}&#8220; theme_builder_area=&#8220;post_content&#8220;][et_pb_heading title=&#8220;Newsletter&#8220; _builder_version=&#8220;4.24.2&#8243; _module_preset=&#8220;default&#8220; hover_enabled=&#8220;0&#8243; global_colors_info=&#8220;{}&#8220; theme_builder_area=&#8220;post_content&#8220; sticky_enabled=&#8220;0&#8243;][\/et_pb_heading][et_pb_text _builder_version=&#8220;4.24.2&#8243; _module_preset=&#8220;default&#8220; header_4_font=&#8220;||||||||&#8220; custom_margin=&#8220;-40px||40px||false|false&#8220; hover_enabled=&#8220;0&#8243; global_colors_info=&#8220;{}&#8220; theme_builder_area=&#8220;post_content&#8220; sticky_enabled=&#8220;0&#8243;]<\/p>\n<h4>Partnership with Z.A.S. Archive Service closes the document logistics cycle.<\/h4>\n<p>[\/et_pb_text][\/et_pb_column][\/et_pb_row][et_pb_row column_structure=&#8220;3_4,1_4&#8243; _builder_version=&#8220;4.24.2&#8243; _module_preset=&#8220;default&#8220; collapsed=&#8220;on&#8220; global_colors_info=&#8220;{}&#8220; theme_builder_area=&#8220;post_content&#8220;][et_pb_column type=&#8220;3_4&#8243; _builder_version=&#8220;4.24.2&#8243; _module_preset=&#8220;default&#8220; global_colors_info=&#8220;{}&#8220; theme_builder_area=&#8220;post_content&#8220;][et_pb_text _builder_version=&#8220;4.24.2&#8243; _module_preset=&#8220;default&#8220; hover_enabled=&#8220;0&#8243; global_colors_info=&#8220;{}&#8220; theme_builder_area=&#8220;post_content&#8220; sticky_enabled=&#8220;0&#8243;]<\/p>\n<p>Gescher, 19.6.2020<\/p>\n<p>d.velop Life Sciences und Z.A.S. Archiv Service haben eine strategische Partnerschaft f\u00fcr die Zusammenarbeit im Bereich der Dokumenten- und Informationslogistik vereinbart.<\/p>\n<p>Die Partnerschaft erm\u00f6glicht Kunden beider Unternehmen eine durchg\u00e4ngige Komplettl\u00f6sung f\u00fcr das Management und die Langfristarchivierung sowohl ihrer Dokumente als auch anderer aufbewahrungs-pflichtiger Sicherungsg\u00fcter, wie z.B. Proben und R\u00fcckstellmuster.<\/p>\n<p>\u201eWir haben zahlreiche gemeinsame Kunden, denen die Zusammenarbeit unserer Unternehmen neue M\u00f6glichkeiten auf ihrem Weg in die digitale Welt bietet. Unsere digitalen L\u00f6sungen f\u00fcr Archivierung, Dokumentenlogistik und Prozessmanagement erg\u00e4nzen die aus regulatorischer Sicht notwendige physische Archivierung perfekt\u201c, so Thilo Gukelberger, gesch\u00e4ftsf\u00fchrender Gesellschafter der d.velop Life Sciences.<\/p>\n<p>Z.A.S. Zentral Archiv Service ist ein auf Archivierung im GxP-Umfeld spezialisiertes Unternehmen der Rhenus-Gruppe. Parallel zur Archivierung, Digitalisierung, Bereitstellung und Vernichtung von Gesch\u00e4ftsunterlagen, hat sich das 1994 gegr\u00fcndete Unternehmen auf die Aufbewahrung von Laborproben und R\u00fcckstellmustern f\u00fcr die Pharmaindustrie unter speziellen, klimatisierten Bedingungen spezialisiert.<\/p>\n<p>Mit ihren eigenentwickelten Softwarel\u00f6sungen unterst\u00fctzt die 2007 gegr\u00fcndete d.velop Life Sciences insbesondere Pharma- und Medizintechnikunternehmen auf ihrem Weg der digitalen Transformation. Ca. 50 Mitarbeiter stehen den nahezu 100 Kunden bei der Einf\u00fchrung der Archiv-, eDMS- und eQMS- L\u00f6sungen aus dem Hause d.velop zur Seite.<\/p>\n<p>Weitere Informationen enth\u00e4lt der von d.velop und Z.A.S. verfasste Trendletter:<\/p>\n<p>[\/et_pb_text][et_pb_button button_url=&#8220;https:\/\/www.zas-archiv.de\/fileadmin\/user_upload\/rhenus_zas\/downloads\/Partner_Trendletter_Dokumentenprozesse.pdf&#8220; button_text=&#8220;Partner-Trendletter.pdf&#8220; _builder_version=&#8220;4.24.2&#8243; _module_preset=&#8220;default&#8220; custom_button=&#8220;on&#8220; button_bg_color=&#8220;#435D7C&#8220; button_border_color=&#8220;#435D7C&#8220; button_icon=&#8220;&#xf1c1;||fa||400&#8243; button_icon_color=&#8220;#FFFFFF&#8220; button_icon_placement=&#8220;left&#8220; button_on_hover=&#8220;off&#8220; custom_padding=&#8220;|50px||58px|false|false&#8220; hover_enabled=&#8220;0&#8243; global_colors_info=&#8220;{}&#8220; theme_builder_area=&#8220;post_content&#8220; url_new_window=&#8220;on&#8220; sticky_enabled=&#8220;0&#8243;][\/et_pb_button][\/et_pb_column][et_pb_column type=&#8220;1_4&#8243; _builder_version=&#8220;4.24.2&#8243; _module_preset=&#8220;default&#8220; global_colors_info=&#8220;{}&#8220; theme_builder_area=&#8220;post_content&#8220;][\/et_pb_column][\/et_pb_row][\/et_pb_section]<\/p>\n","protected":false},"excerpt":{"rendered":"<p><script type=\"text\/javascript\">jQuery(function() { _initLayerSlider( '#layerslider_18_1fwbvys4h4c8l', {createdWith: '7.9.9', sliderVersion: '7.9.11', type: 'fullwidth', skin: 'v6', navStartStop: false, navButtons: false, showCircleTimer: false, useSrcset: true, skinsPath: 'https:\/\/scheitza-kunden.de\/zas2\/wp-content\/plugins\/LayerSlider\/assets\/static\/layerslider\/skins\/', performanceMode: true}); });<\/script><div id=\"layerslider_18_1fwbvys4h4c8l\"  class=\"ls-wp-container fitvidsignore ls-selectable\" style=\"width:1280px;height:500px;margin:0 auto;\"><div class=\"ls-slide\" ><img loading=\"lazy\" width=\"2400\" height=\"900\" src=\"https:\/\/scheitza-kunden.de\/zas2\/wp-content\/uploads\/2024\/03\/Vacancies-1.jpg\" class=\"ls-bg\" alt=\"\" decoding=\"async\" srcset=\"https:\/\/scheitza-kunden.de\/zas2\/wp-content\/uploads\/2024\/03\/Vacancies-1.jpg 2400w, https:\/\/scheitza-kunden.de\/zas2\/wp-content\/uploads\/2024\/03\/Vacancies-1-1280x480.jpg 1280w, https:\/\/scheitza-kunden.de\/zas2\/wp-content\/uploads\/2024\/03\/Vacancies-1-980x368.jpg 980w, https:\/\/scheitza-kunden.de\/zas2\/wp-content\/uploads\/2024\/03\/Vacancies-1-480x180.jpg 480w\" sizes=\"(min-width: 0px) and (max-width: 480px) 480px, (min-width: 481px) and (max-width: 980px) 980px, (min-width: 981px) and (max-width: 1280px) 1280px, (min-width: 1281px) 2400px, 100vw\" \/><\/div><div class=\"ls-slide\" data-ls=\"duration:8000;transition2d:5;transitionduration:1000;kenburnszoom:in;kenburnsscale:1.1;parallaxtype:3d;parallaxtransformorigin:65% slidermiddle 0;\"><img loading=\"lazy\" width=\"2400\" height=\"900\" src=\"https:\/\/scheitza-kunden.de\/zas2\/wp-content\/uploads\/2024\/03\/vacancies.jpg\" class=\"ls-bg\" alt=\"\" decoding=\"async\" srcset=\"https:\/\/scheitza-kunden.de\/zas2\/wp-content\/uploads\/2024\/03\/vacancies.jpg 2400w, https:\/\/scheitza-kunden.de\/zas2\/wp-content\/uploads\/2024\/03\/vacancies-1280x480.jpg 1280w, https:\/\/scheitza-kunden.de\/zas2\/wp-content\/uploads\/2024\/03\/vacancies-980x368.jpg 980w, https:\/\/scheitza-kunden.de\/zas2\/wp-content\/uploads\/2024\/03\/vacancies-480x180.jpg 480w\" sizes=\"(min-width: 0px) and (max-width: 480px) 480px, (min-width: 481px) and (max-width: 980px) 980px, (min-width: 981px) and (max-width: 1280px) 1280px, (min-width: 1281px) 2400px, 100vw\" \/><\/div><\/div>Partnership with Z.A.S. Archive Service closes the document logistics cycle.Gescher, 19.6.2020 d.velop Life Sciences und Z.A.S. Archiv Service haben eine strategische Partnerschaft f\u00fcr die Zusammenarbeit im Bereich der Dokumenten- und Informationslogistik vereinbart. Die Partnerschaft erm\u00f6glicht Kunden beider Unternehmen eine durchg\u00e4ngige Komplettl\u00f6sung f\u00fcr das Management und die Langfristarchivierung sowohl ihrer Dokumente als auch anderer aufbewahrungs-pflichtiger [&hellip;]<\/p>\n","protected":false},"author":1,"featured_media":0,"parent":0,"menu_order":0,"comment_status":"closed","ping_status":"closed","template":"","meta":{"_et_pb_use_builder":"on","_et_pb_old_content":"","_et_gb_content_width":"","inline_featured_image":false,"footnotes":""},"class_list":["post-1495","page","type-page","status-publish","hentry"],"yoast_head":"<!-- This site is optimized with the Yoast SEO plugin v22.4 - https:\/\/yoast.com\/wordpress\/plugins\/seo\/ -->\n<title>Newsletter - ZAS-Development2<\/title>\n<meta name=\"robots\" content=\"noindex, follow, max-snippet:-1, max-image-preview:large, max-video-preview:-1\" \/>\n<meta property=\"og:locale\" content=\"de_DE\" \/>\n<meta property=\"og:type\" content=\"article\" \/>\n<meta property=\"og:title\" content=\"Newsletter - ZAS-Development2\" \/>\n<meta property=\"og:description\" content=\"LeistungenContactBiobanking &amp; Biorepository Certified storage service for any biological sample type for the entire lifecycle, from pick up to return or disposal.Document Archiving Certified GxP document archiving and data management in the only GLP, GCP, and GMP-certified document storage.Retention Sample Archiving Unique off-site storage solution for GxP retention samples of any batches sizes covering the [&hellip;]\" \/>\n<meta property=\"og:url\" content=\"https:\/\/scheitza-kunden.de\/zas2\/newsletter\/\" \/>\n<meta property=\"og:site_name\" content=\"ZAS-Development2\" \/>\n<meta property=\"article:modified_time\" content=\"2024-03-05T09:26:42+00:00\" \/>\n<meta name=\"twitter:card\" content=\"summary_large_image\" \/>\n<script type=\"application\/ld+json\" class=\"yoast-schema-graph\">{\"@context\":\"https:\/\/schema.org\",\"@graph\":[{\"@type\":\"WebPage\",\"@id\":\"https:\/\/scheitza-kunden.de\/zas2\/newsletter\/\",\"url\":\"https:\/\/scheitza-kunden.de\/zas2\/newsletter\/\",\"name\":\"Newsletter - ZAS-Development2\",\"isPartOf\":{\"@id\":\"https:\/\/scheitza-kunden.de\/zas2\/#website\"},\"datePublished\":\"2024-03-05T09:14:30+00:00\",\"dateModified\":\"2024-03-05T09:26:42+00:00\",\"breadcrumb\":{\"@id\":\"https:\/\/scheitza-kunden.de\/zas2\/newsletter\/#breadcrumb\"},\"inLanguage\":\"de\",\"potentialAction\":[{\"@type\":\"ReadAction\",\"target\":[\"https:\/\/scheitza-kunden.de\/zas2\/newsletter\/\"]}]},{\"@type\":\"BreadcrumbList\",\"@id\":\"https:\/\/scheitza-kunden.de\/zas2\/newsletter\/#breadcrumb\",\"itemListElement\":[{\"@type\":\"ListItem\",\"position\":1,\"name\":\"Startseite\",\"item\":\"https:\/\/scheitza-kunden.de\/zas2\/\"},{\"@type\":\"ListItem\",\"position\":2,\"name\":\"Newsletter\"}]},{\"@type\":\"WebSite\",\"@id\":\"https:\/\/scheitza-kunden.de\/zas2\/#website\",\"url\":\"https:\/\/scheitza-kunden.de\/zas2\/\",\"name\":\"ZAS-Development2\",\"description\":\"\",\"potentialAction\":[{\"@type\":\"SearchAction\",\"target\":{\"@type\":\"EntryPoint\",\"urlTemplate\":\"https:\/\/scheitza-kunden.de\/zas2\/?s={search_term_string}\"},\"query-input\":\"required name=search_term_string\"}],\"inLanguage\":\"de\"}]}<\/script>\n<!-- \/ Yoast SEO plugin. -->","yoast_head_json":{"title":"Newsletter - ZAS-Development2","robots":{"index":"noindex","follow":"follow","max-snippet":"max-snippet:-1","max-image-preview":"max-image-preview:large","max-video-preview":"max-video-preview:-1"},"og_locale":"de_DE","og_type":"article","og_title":"Newsletter - ZAS-Development2","og_description":"LeistungenContactBiobanking &amp; Biorepository Certified storage service for any biological sample type for the entire lifecycle, from pick up to return or disposal.Document Archiving Certified GxP document archiving and data management in the only GLP, GCP, and GMP-certified document storage.Retention Sample Archiving Unique off-site storage solution for GxP retention samples of any batches sizes covering the [&hellip;]","og_url":"https:\/\/scheitza-kunden.de\/zas2\/newsletter\/","og_site_name":"ZAS-Development2","article_modified_time":"2024-03-05T09:26:42+00:00","twitter_card":"summary_large_image","schema":{"@context":"https:\/\/schema.org","@graph":[{"@type":"WebPage","@id":"https:\/\/scheitza-kunden.de\/zas2\/newsletter\/","url":"https:\/\/scheitza-kunden.de\/zas2\/newsletter\/","name":"Newsletter - ZAS-Development2","isPartOf":{"@id":"https:\/\/scheitza-kunden.de\/zas2\/#website"},"datePublished":"2024-03-05T09:14:30+00:00","dateModified":"2024-03-05T09:26:42+00:00","breadcrumb":{"@id":"https:\/\/scheitza-kunden.de\/zas2\/newsletter\/#breadcrumb"},"inLanguage":"de","potentialAction":[{"@type":"ReadAction","target":["https:\/\/scheitza-kunden.de\/zas2\/newsletter\/"]}]},{"@type":"BreadcrumbList","@id":"https:\/\/scheitza-kunden.de\/zas2\/newsletter\/#breadcrumb","itemListElement":[{"@type":"ListItem","position":1,"name":"Startseite","item":"https:\/\/scheitza-kunden.de\/zas2\/"},{"@type":"ListItem","position":2,"name":"Newsletter"}]},{"@type":"WebSite","@id":"https:\/\/scheitza-kunden.de\/zas2\/#website","url":"https:\/\/scheitza-kunden.de\/zas2\/","name":"ZAS-Development2","description":"","potentialAction":[{"@type":"SearchAction","target":{"@type":"EntryPoint","urlTemplate":"https:\/\/scheitza-kunden.de\/zas2\/?s={search_term_string}"},"query-input":"required name=search_term_string"}],"inLanguage":"de"}]}},"_links":{"self":[{"href":"https:\/\/scheitza-kunden.de\/zas2\/wp-json\/wp\/v2\/pages\/1495","targetHints":{"allow":["GET"]}}],"collection":[{"href":"https:\/\/scheitza-kunden.de\/zas2\/wp-json\/wp\/v2\/pages"}],"about":[{"href":"https:\/\/scheitza-kunden.de\/zas2\/wp-json\/wp\/v2\/types\/page"}],"author":[{"embeddable":true,"href":"https:\/\/scheitza-kunden.de\/zas2\/wp-json\/wp\/v2\/users\/1"}],"replies":[{"embeddable":true,"href":"https:\/\/scheitza-kunden.de\/zas2\/wp-json\/wp\/v2\/comments?post=1495"}],"version-history":[{"count":2,"href":"https:\/\/scheitza-kunden.de\/zas2\/wp-json\/wp\/v2\/pages\/1495\/revisions"}],"predecessor-version":[{"id":1497,"href":"https:\/\/scheitza-kunden.de\/zas2\/wp-json\/wp\/v2\/pages\/1495\/revisions\/1497"}],"wp:attachment":[{"href":"https:\/\/scheitza-kunden.de\/zas2\/wp-json\/wp\/v2\/media?parent=1495"}],"curies":[{"name":"wp","href":"https:\/\/api.w.org\/{rel}","templated":true}]}}